et h(w) = 9*w**3 + 6*w**2 - 7*w - 9. Let z(n) = 2*h(n) + 5*q(n). Suppose 86*j + 126 = 72*j. Is z(j) prime?
True
Let i = 35 + -31. Suppose 4*l - 5 - 7 = 0, -2*p = i*l - 2468. Suppose c - 107 = 5*a + 200, -2*a + p = 4*c. Is c a prime number?
True
Is ((-156)/66)/13 - 681441/(-11) a composite number?
False
Let n be (24/(-5))/((-13)/65). Is (-2)/n + (-2842077)/(-252) a composite number?
True
Suppose 6*c = 4*c - 5*n - 20, 0 = -c + 5*n + 20. Suppose c*g = -7*g + 13643. Is g a composite number?
False
Let u(f) be the first derivative of -f**2 + 13*f + 1. Let z be u(4). Suppose -z*p = -2*t - 1875, 5*t - 2 = 23. Is p composite?
True
Let c(a) = -a**3 + 18*a**2 - 18*a + 21. Suppose 6*y - 55 - 47 = 0. Let h be c(y). Suppose 5*d - 187 = h*d. Is d composite?
True
Let z(f) = f - 28. Let y be z(17). Let d = y - -56. Is (33/9)/(3/d) a composite number?
True
Suppose 12*q - 100834 - 97730 = 0. Is q composite?
False
Suppose 77*d = -42*d + 9397205 + 16710086. Is d a prime number?
True
Let d = -101 + 106. Suppose -5*x + 4*w + 5743 = 0, -3*x + x = d*w - 2284. Is x a composite number?
True
Let t(v) = 101*v - 25. Let o(y) = 101*y - 25. Let h(x) = 5*o(x) - 6*t(x). Let s be h(-6). Suppose -s = k - 2*k. Is k a composite number?
False
Let x be (-6426)/(-4) - (-110)/44. Let m(b) = 28*b**2 + 3*b + 7. Let h be m(5). Let a = x - h. Is a a prime number?
True
Suppose -15*l + 24 = 24. Suppose l = -47*y + 717513 - 102142. Is y composite?
False
Let t(v) = 3248*v - 511. Is t(3) prime?
False
Suppose 5*b + 5 = 0, -t - 4*b + 1187 = -292. Suppose i = -3*f + t, -4*f - 4*i = -671 - 1317. Is f composite?
True
Let s(m) = -874320*m**3 + 2*m**2 + 2*m + 1. Let u be s(-1). Suppose 0 = 24*o - 767255 - u. Is o composite?
False
Let z(w) = 3507*w**2 - 31*w - 13. Is z(6) composite?
True
Let q(j) be the first derivative of 130*j**4 - j**3/3 + j**2 + 779. Let o(y) = y + 6. Let t be o(-5). Is q(t) a composite number?
False
Let a = 79 + -5. Suppose 3*y - 4*u + a = 0, 0*u = 5*y - 3*u + 105. Is ((-340)/(-6))/((-6)/y) - 3 a prime number?
True
Let d = -90 - -93. Suppose 4*f = -4*v + 128, d = 5*v - 2. Is f a composite number?
False
Suppose 15*t - 2166546 = 555834. Suppose -226113 = -55*l + t. Is l a prime number?
True
Let d be 10/(-35) + 446/(-7). Let m = -60 - d. Suppose 0 = -z + 3, -3*a + 300 = m*z - 183. Is a composite?
False
Let w = -14 + 8. Let a be 358 + 26/w + (-16)/(-12). Let k = 330 + a. Is k a prime number?
False
Let t be (4 + -2)*5*(-18)/(-60). Suppose 5*l = -m + 971, 0 = -5*m + t*m + 2*l + 1942. Is m a composite number?
False
Let s(f) = 28*f**3 + 11*f**2 - 130*f + 27. Is s(10) a composite number?
False
Suppose -3*t = 15, -15*y + 13*y + t + 33781 = 0. Suppose -12*v - u = -11*v - y, -3*v + 50674 = 5*u. Is v a prime number?
True
Let i be (-2)/(-4) - (-16)/((-128)/20). Is (-9)/3 + i + 12 + 8278 a composite number?
True
Suppose -2*t + 7 + 15 = 0. Let h(p) = -97 + 70*p - 88 + 184. Is h(t) prime?
True
Let j(k) = -184*k**2 - 18*k - 17. Let f(n) = 91*n**2 + 9*n + 9. Let t(w) = 5*f(w) + 2*j(w). Is t(-7) prime?
True
Suppose 11*m + 18*m - 580 = 0. Suppose -8*v - m*v + 32396 = 0. Is v a composite number?
True
Suppose -4*s - 4 = -4. Suppose 3*h + 17*h - 3260 = s. Is h a prime number?
True
Suppose 109320 = -58*x + 63*x. Suppose -3*w + s + 21844 = 0, -8*w + 3*s = -11*w + x. Is w a prime number?
True
Suppose -4*n + 16 = 0, j + n - 42221 = 6*n. Is j a composite number?
True
Suppose -2*h - 3*z + 19 = 0, 0 = 3*h - 2*z + 4 - 0. Suppose -2*a - h*n - 18 = 0, 8 = -4*n - 8. Let w(b) = 12*b**2 + 11*b + 9. Is w(a) prime?
False
Is 3556725/72 - 63/(-1512) prime?
False
Let j = -312 - -315. Suppose 0 = 4*r - 3*k - 3586, -j*r = -2*r + k - 900. Is r prime?
False
Let l = -1143 + 2086. Let s be (-1 - (-1789)/5)*(-2 + 7). Let d = s - l. Is d a composite number?
True
Let g(o) = o**3 + 113*o**2 + 569*o - 178. Is g(-103) a composite number?
True
Suppose -16*a + 17*a - 2 = 0. Let g(v) = 48*v + 16. Let m(b) = 48*b + 17. Let k(q) = a*g(q) - 3*m(q). Is k(-5) composite?
True
Let b = -20301 + 62440. Is b composite?
False
Let n be (15/(-20))/((-5)/20). Suppose 4*t - u = 11591, -n*t - 2*u = -0*u - 8685. Is t a composite number?
False
Let l(q) be the first derivative of 13*q**3 - 11*q**2 + 27*q + 299. Is l(-8) a prime number?
True
Suppose l = 9*l - 1312184. Is l a composite number?
False
Suppose -4*x = 15*x + 531582. Is 0 + x/(12/(-2)) composite?
False
Suppose 0 = u + 4*d + 10, 4*d = u + 2*u - 18. Suppose 0*n - u*n - r + 1909 = 0, r = -n + 956. Is n prime?
True
Suppose -1152 = -3*a - 3*w, 4*a - 2234 = 4*w - 722. Suppose a = -0*p + 3*p. Is p a prime number?
True
Let r = -12110 - -76819. Is r a composite number?
False
Let g = 76 - 70. Suppose 42036 = g*y + 4602. Is y composite?
True
Suppose 0 = 7*k - 58*k + 1163157. Is k composite?
False
Let a(p) = 2*p**2 - p + 4297. Suppose v + v + 8 = -3*h, 2*h = 4*v + 16. Is a(h) composite?
False
Suppose 24547 = 14*q - 72235. Let i = -4042 + q. Suppose 4*o = 3757 + i. Is o prime?
True
Let n(k) = 140*k**2 + 83*k + 139. Is n(-34) a prime number?
True
Suppose -3*r + 156778 = 2*q, -22*q + 5*r = -17*q - 392045. Is q composite?
False
Let o be 0/1*2/(-4). Let x be (4 - 2) + (-2 + 0 - o). Suppose 3*d + i - 229 - 835 = x, -3*i = -3*d + 1044. Is d prime?
True
Let z(d) = 727*d + 8 + 6 - 723*d - 43*d**2. Let a(g) = g**2 - 1. Let y(h) = 4*a(h) - z(h). Is y(-5) composite?
True
Let v be 26/10 + (-18)/(-45). Suppose -2*b - 4*j + 1070 = 0, -559 + 49 = -b + v*j. Suppose 5*s = -u + 760, 2027 = 2*u + 4*s + b. Is u prime?
False
Let d = -173 - -183. Suppose -h - 5*w = -148, -d*h + 5*h = -2*w - 821. Is h a composite number?
False
Let o(c) be the third derivative of c**5/30 - 25*c**4/24 + 8*c**3/3 + 13*c**2. Let b be o(12). Suppose -3*h + 5*a + 974 = 346, b*a - 382 = -2*h. Is h composite?
True
Suppose -c - m = 2*m - 59, 0 = c - 5*m - 19. Let p be 28/70 + (c/(-10) - 1). Is (p - -2)/((-1)/110*6) composite?
True
Suppose 46 = -43*s - 83. Let x(o) be the first derivative of -5*o**2 + 4*o + 1. Is x(s) a prime number?
False
Let b(v) = 2*v**3 + 16*v**2 + v + 12. Let g be b(-8). Suppose -327 = -g*a + 181. Is a a composite number?
False
Let m be 390985/(-15) - (-2)/(-6). Let f = m + 42807. Is f a composite number?
False
Let c(y) = -647*y + 2. Let a = 154 + -155. Is c(a) a prime number?
False
Let r(v) = -27*v - 1001. Let h(x) = -14*x - 504. Let p(f) = 5*h(f) - 3*r(f). Is p(36) composite?
True
Let b = -138464 - -591397. Is b a prime number?
False
Suppose 167749674 + 709757429 = 181*b + 168*b. Is b prime?
False
Let n be (-2)/(-4) - 297/(-18). Let j(f) = -41*f + 21*f - 79*f - n - 31*f. Is j(-10) a prime number?
True
Is (253327 - 2) + -100 + 84 prime?
False
Let v = -73 - -69. Let h(b) = b**3 + 5*b**2 + b - 8. Let c be h(v). Is (c + 4/(-4))*307/3 a prime number?
True
Is ((-183)/(-244))/((-15)/1131236)*-1*5 prime?
True
Suppose -92*h - 93*h - 60*h + 980 = 0. Suppose b + l = 4, 2*l = -1 - 1. Suppose o = -2*o + 2*t + 10471, b*o + h*t = 17481. Is o a prime number?
False
Let t be (-1*(-4)/2)/((-6)/66). Let n(i) = i**2 + 14*i - 17. Let p be n(t). Let z = -53 + p. Is z a prime number?
False
Let c = 41554 - 24891. Is c composite?
True
Let c = 35215 + -15914. Is c a composite number?
False
Let u = 406 + -401. Suppose -10408 = -4*z - 2*b, 5*z - 2*z + u*b = 7799. Is z composite?
True
Let i = -77535 + 40488. Let a = i - -52862. Is a a composite number?
True
Let a(r) = 37470*r**2 + 3*r - 2. Let u be a(1). Suppose -18*n + 14027 + u = 0. Is n a composite number?
False
Let t = -31989 - -45959. Suppose 3*z = -4*s + 7621, 4443 = -5*s - 4*z + t. Is s prime?
False
Let l(a) be the second derivative of 11*a**7/630 - a**6/72 + 3*a**5/40 + 5*a**4/3 - 22*a. Let n(z) be the third derivative of l(z). Is n(7) a prime number?
False
Let u be (1 + (-2 - -2))*659. Let v = 334 - -134. Let m = u - v. Is m a composite number?
False
Is 12194958/82 - (2 + 6) a prime number?
True
Let b(m) be the second derivative of -m**3/6 - 9*m**2 - 24*m. Let q be b(-22). Suppose 0 = 5*f - 2*o - 12755, 3*f - q*o = 2*f + 2551. Is f prime?
True
Let x = 9186 + -5299. Let z = x - 2551. Suppose z = 4*o + 2*k + 2*k, -3*k + 1664 = 5*o. Is o a composite number?
False
Suppose -5*u - 20 = -5*w, 0*u - 4*u = 5*w + 7. Is (-1956)/(-18) - 1/u composite?
False
Is (2271390/(-150))/(2*((-123)/30 - -4)) composite?
T